{"id":239,"date":"2017-06-01T19:34:40","date_gmt":"2017-06-01T17:34:40","guid":{"rendered":"http:\/\/adqcghyr.preview.infomaniak.website\/wordpress\/?page_id=239"},"modified":"2020-04-09T21:45:10","modified_gmt":"2020-04-09T19:45:10","slug":"temoignages-2","status":"publish","type":"page","link":"https:\/\/dynamique-cadres.org\/wordpress\/temoignages-2\/","title":{"rendered":"T\u00e9moignages"},"content":{"rendered":"<p>Des membres de Dynamique Cadres vous disent pourquoi ils ont adh\u00e9r\u00e9, ce qu&rsquo;ils ont aim\u00e9 faire avec l&rsquo;association, ce que \u00e7a leur a apport\u00e9. Demain, c&rsquo;est vous qui pourrez t\u00e9moigner !<\/p>\n<blockquote><p><em>\u00ab\u00a0Je tiens tout d\u2019abord \u00e0 f\u00e9liciter l\u2019association que je trouve non seulement tr\u00e8s dynamique, mais surtout tr\u00e8s \u201cpro\u201d. Depuis la r\u00e9union du 6 octobre, j\u2019<\/em><em>ai assist<\/em><em>\u00e9 \u00e0 un GAD et \u00e0 un groupe d\u2019anglais, tous les 2 tr\u00e8s conviviaux et tr\u00e8s motivants. Entre temps, j\u2019ai trouv\u00e9 <\/em><em>un job<\/em><em>\u00a0! Incroyable&#8230; Mais cela n\u2019est peut-\u00eatre pas un simple hasard&#8230;. Je suis all\u00e9e \u00e0 l\u2019entretien tellement \u201c<\/em><em>regonfl<\/em><em>\u00e9e\u201d<\/em><em>, que j<\/em><em>\u2019<\/em><em>ai <\/em><em>\u00e9t\u00e9 convaincante\u00a0<\/em><em>!<\/em><em>\u00a0\u00bb V\u00e9ronique<\/em><\/p><\/blockquote>\n<p>&nbsp;<\/p>\n<blockquote><p><em>\u00ab\u00a0\u2026 je vous annonce que lundi prochain je ne serai pas parmi vous, car je prends possession de mon nouveau poste ce jour m\u00ea<\/em><em>me.<\/em><em> Je prends la direction d\u2019une filiale au sein d\u2019\u2026 dans le domaine de l\u2019<\/em><em>incin<\/em><em>\u00e9ration et de la vente d\u2019\u00e9nergie.\u00a0\u00bb<\/em><\/p><\/blockquote>\n<p>&nbsp;<\/p>\n<blockquote><p><em>\u00ab\u00a0J\u2019ai beaucoup appr\u00e9ci\u00e9 durant cette quasi-ann\u00e9e, votre soutien et les \u00e9changes que nous avons men\u00e9s ensemble\u00a0; ce n\u2019est pas sans un peu de nostalgie que je penserai \u00e0 <\/em><em>nos r<\/em><em>\u00e9unions du lundi matin si utiles et motivantes pendant cette p\u00e9riode\u2026\u00a0\u00bb <\/em><em>Patrick<\/em><em>\u00a0<\/em><\/p><\/blockquote>\n<p>&nbsp;<\/p>\n<blockquote><p><em>\u00ab\u00a0Deux mots me restent en t\u00eate quand je pense \u00e0 Dynamique Cadres\u00a0: rester debout. Merci pour cette formidable impulsion qui permet de ne plus avoir l\u2019impression de n\u2019\u00eatre qu\u2019une ombre, et, je l\u2019esp\u00e8re, \u00e0 tr\u00e8<\/em><em>s bient<\/em><em>\u00f4t\u00a0\u00bb Jocelyne<\/em><\/p><\/blockquote>\n<p>&nbsp;<\/p>\n<blockquote><p><em>\u00ab\u00a0J\u2019<\/em><em>ai d<\/em><em>\u00e9couvert un monde souterrain. Un monde dynamique. Un monde de pens\u00e9es uniques en leur genre. Un monde o<\/em><em>\u00f9 <\/em><em>la personne en recherche d\u2019emploi fourmille d\u2019id\u00e9es et de dynamisme. Un monde o<\/em><em>\u00f9 <\/em><em>l\u2019on \u00e9coute l\u2019autre. Un monde o<\/em><em>\u00f9 la parole<\/em><em>\u2026 a une valeur. Et en plus elle a du sens. Dynamique Cadres, c\u2019est la premi\u00e8re porte ouverte dans mon parcours de cadre en recherche d\u2019emploi qui se paye le luxe de la reconversion professionnelle. Dynamique Cadres, c\u2019<\/em><em>est ma premi<\/em><em>\u00e8re bouff\u00e9e d\u2019air pur lorsque je ne rencontrais, jusqu\u2019alors, que des personnes abattues par leur situation ou des expressions du type \u201coui, <\/em><em>mais<\/em><em>\u2026\u201d\u00a0\u00bb V\u00e9ronique<\/em><\/p><\/blockquote>\n<p>&nbsp;<\/p>\n<blockquote><p><em>\u00ab Cultiver son savoir-\u00eatre est \u00e0 mon avis primordial et Dynamique Cadres y contribue. Je pense sinc\u00e8rement que la d\u00e9termination et croire en soi-m\u00eame sont les cl\u00e9s de la r\u00e9ussite. Je finirai par cette phrase de Charles de Gaulle qui s\u2019applique totalement \u00e0 la recherche d\u2019emploi : \u201cL\u2019important n\u2019est pas de sortir de Polytechnique, mais de sortir de l\u2019ordinaire. BRAVO Dynamique Cadres <\/em><em>!!!!!<\/em><em>\u00a0\u00bb <\/em><em>Eric<\/em><\/p><\/blockquote>\n<p>&nbsp;<\/p>\n<blockquote><p><em>\u00ab\u00a0Je voulais vous remercier pour tous vos conseils. \u00c7a a toujours \u00e9t\u00e9 un plaisir de vous voir les lundis matins. \u00c0<\/em><em> bient<\/em><em>\u00f4t dans les soir\u00e9es pl\u00e9ni\u00e8<\/em><em>res.<\/em><em>\u00a0\u00bb<\/em><em> Julien<\/em><\/p><\/blockquote>\n<p>&nbsp;<\/p>\n<blockquote><p><em>\u00ab\u00a0Dynamique Cadres m\u2019<\/em><em>a apport<\/em><em>\u00e9 une aide vraiment tr\u00e8<\/em><em>s pr<\/em><em>\u00e9cieuse. Aide amicale d\u2019abord de personnes dans la m\u00eame situation que moi. On se comprend d\u2019autant mieux qu\u2019<\/em><em>on traverse la m<\/em><em>\u00eame gal\u00e8re, qu\u2019on a les m\u00eames doutes, les m\u00eames difficult\u00e9s. Aide technique ensuite, car on apprend au sein du GAD \u00e0 retravailler son offre de service, son CV, \u00e0 exposer clairement et de fa<\/em><em>\u00e7<\/em><em>on concise ses comp\u00e9tences, ses points forts, ses points faibles\u2026\u00a0; on s\u2019\u00e9paule sur sa technique de recherche, on y fait le point de sa semaine et de ses objectifs pour la semaine suivante. L\u2019association permet ainsi de ne pas rester isol\u00e9 et c\u2019est une des choses les plus importantes pendant cette p\u00e9riode\u2026 Gr\u00e2ce \u00e0 vous tous, j\u2019ai appris \u00e0 chercher efficacement et dans la bonne humeur du travail, ce que je ne savais pas faire (on n\u2019est pas toujours parfait\u00a0<\/em><em>!)<\/em><em>\u00a0\u00bb <\/em><em>Sylvie<\/em><\/p><\/blockquote>\n<p>&nbsp;<\/p>\n<blockquote><p><em>\u00ab\u00a0Tu m\u2019auras appris une chose l\u2019esprit de solidarit\u00e9, \u00e0 diff\u00e9rencier de l\u2019assistanat.\u00a0\u00bb Jean-Jacques<\/em><\/p><\/blockquote>\n<p>&nbsp;<\/p>\n<blockquote><p><em>\u00ab\u00a0Non, je n\u2019ai pas retrouv\u00e9 un emploi par Dynamique Cadres, mais l\u2019association m\u2019<\/em><em>a apport<\/em><em>\u00e9 beaucoup pendant cette p\u00e9riode difficile. D&rsquo;abord de tr\u00e8s belles rencontres, vari\u00e9es et riches que je compte bien ne pas laisser sans suite. Ensuite par le partage qu\u2019<\/em><em>elle m<\/em><em>\u2019<\/em><em>a propos<\/em><em>\u00e9, aussi bien dans les GADs qu\u2019\u00e0 travers les ateliers et les commissions. Enfin par l\u2019investissement qu\u2019<\/em><em>elle m<\/em><em>\u2019a demand\u00e9, m\u00eame si j\u2019ai scrupuleusement veill\u00e9 &#8211; au regret de certain(s) &#8211; \u00e0 contenir le temps pris par cet engagement qui m\u2019a permis de continuer \u00e0 exercer certaines de mes comp\u00e9tences avec la m\u00eame rigueur et le m\u00eame souci du r\u00e9sultat qu\u2019en entreprise. Ce fut pour moi une belle aventure, elle n\u2019est pas termin\u00e9e, mais prend une autre forme.\u00a0\u00bb Fran<\/em><em>\u00e7<\/em><em>ois<\/em><\/p><\/blockquote>\n<p>&nbsp;<\/p>\n<blockquote><p><em>\u00ab\u00a0J\u2019ai particuli\u00e8rement appr\u00e9ci\u00e9 les GAD , les lundi matin, qui pendant plusieurs mois m\u2019ont permis de me lever \u00e0 des heures matinales au lieu de dormir jusqu&rsquo;\u00e0 point d\u2019heure pour oublier la solitude du ch\u00f4meur\u00a0<\/em><em>! D&rsquo;<\/em><em>ailleurs je reviendrai si mon aventure fait long feu.\u00a0\u00bb<\/em><\/p><\/blockquote>\n<p>&nbsp;<\/p>\n<blockquote><p><em>\u00ab\u00a0J\u2019ai nou\u00e9 avec certaines\/certains d\u2019entre vous des liens gr\u00e2ce \u00e0 DC et cela je le conserve pr\u00e9cieusement.\u00a0\u00bb Chantal<\/em><\/p><\/blockquote>\n<p>&nbsp;<\/p>\n<blockquote><p><em>\u00ab\u00a0Je repars au pays du travail. \u00c7a ne parait rien de l\u2019\u00e9crire&#8230; mais le vivre\u2026 c\u2019est une joie et une satisfaction inou<\/em><em>\u00ef<\/em><em>es que je souhaite \u00e0 tous ceux qui, comme moi, cherchent, se battent, vivent ce combat avec eux-m\u00eames et avec ce monde du travail si difficile \u00e0 atteindre \u00e0 nouveau\u2026. \u00c0 travers Dynamique Cadres, j\u2019ai retrouv\u00e9 un regain d\u2019\u00e9nergie pour ce combat, j\u2019ai retrouv\u00e9 des r\u00e9flexes salvateurs bien mis \u00e0 mal par le ch\u00f4mage et le licenciement. J\u2019ai rencontr\u00e9 des individus qui m\u2019ont entendue, comprise et aid\u00e9e, mais pas une aide d\u2019<\/em><em>assist<\/em><em>\u00e9e, non, une aide pour que je donne \u00e0 nouveau le meilleur, que je retrouve force et autonomie, que je croie \u00e0 nouveau en mes comp\u00e9tences et capacit\u00e9s professionnelles. C\u2019est cela qui fait la force et la richesse de Dynamique Cadres.\u00a0\u00bb <\/em><em>Catherine<\/em><\/p><\/blockquote>\n<p>&nbsp;<\/p>\n<blockquote><p><em>\u00ab\u00a0Apr\u00e8s plus de 3 ann\u00e9es de recherche d\u2019activit\u00e9, me voil\u00e0 de nouveau en poste en CDI. Et honn\u00eatement, je n\u2019en serais pas l\u00e0 sans DC, en particulier sans les membres de cette association\u2026 Mon investissement au sein de l\u2019association m\u2019a permis de rebondir professionnellement. Aussi, donnez et vous recevrez. Pour ma part, je reste bien s\u00fbr engag\u00e9 dans l\u2019association\u00a0<\/em><em>!<\/em><em>\u00a0\u00bb Denis\u00a0 <\/em><em>\u00a0<\/em><\/p><\/blockquote>\n<p>&nbsp;<\/p>\n<blockquote><p><em>\u00ab\u00a0Apr\u00e8s m\u2019\u00eatre accroch\u00e9<\/em><em>e apr<\/em><em>\u00e8s avoir noirci des pages de lettres d\u2019intention pour expliquer que moi, moi, moi, je voulais ce boulot, apr\u00e8s m\u2019\u00eatre entendu dire que j\u2019\u00e9tais trop qualifi\u00e9e ou pas assez, sans jamais avoir entendu dire que j\u2019\u00e9tais trop, mais alors vraiment trop SENIOR, je me suis demand\u00e9 si je devais \u00eatre ou non rang\u00e9e dans l\u2019armoire des vieilleries\u2026 Je viens de trouver un boulot\u2026\u00a0!\u00a0\u00bb Florence<\/em><\/p><\/blockquote>\n<p>&nbsp;<\/p>\n<blockquote><p><em>\u00ab\u00a0<\/em><em>Merci <\/em><em>\u00e0 tous ceux du GAD avec qui j\u2019ai fait un bout de chemin, pour leur ouverture d\u2019esprit, gentillesse, chaleur, \u00e9coute, rires et bonnes id\u00e9es\u2026\u00a0! Seuls une attitude positive et du recul devant les situations difficiles peuvent aider \u00e0 tenir la barre vers un nouveau job\u00a0<\/em><em>!<\/em><em>\u00a0\u00bb <\/em><em>Didier<\/em><\/p><\/blockquote>\n","protected":false},"excerpt":{"rendered":"<p>Des membres de Dynamique Cadres vous disent pourquoi ils ont adh\u00e9r\u00e9, ce qu&rsquo;ils ont aim\u00e9 faire avec l&rsquo;association, ce que \u00e7a leur a apport\u00e9. Demain, c&rsquo;est vous qui pourrez t\u00e9moigner ! \u00ab\u00a0Je tiens tout d\u2019abord \u00e0 f\u00e9liciter l\u2019association que je trouve non seulement tr\u00e8s dynamique, mais surtout tr\u00e8s \u201cpro\u201d. Depuis la r\u00e9union du 6 octobre, <a href=\"https:\/\/dynamique-cadres.org\/wordpress\/temoignages-2\/\" rel=\"nofollow\"><span class=\"sr-only\">En savoir plus surT\u00e9moignages<\/span>[&hellip;]<\/a><\/p>\n","protected":false},"author":1,"featured_media":0,"parent":0,"menu_order":0,"comment_status":"closed","ping_status":"closed","template":"","meta":{"_monsterinsights_skip_tracking":false,"_monsterinsights_sitenote_active":false,"_monsterinsights_sitenote_note":"","_monsterinsights_sitenote_category":0,"footnotes":""},"class_list":["post-239","page","type-page","status-publish","hentry"],"yoast_head":"<!-- This site is optimized with the Yoast SEO plugin v27.5 - https:\/\/yoast.com\/product\/yoast-seo-wordpress\/ -->\n<title>T\u00e9moignages - Dynamique Cadres<\/title>\n<meta name=\"description\" content=\"L&#039;association faite par pour les cadres en transition professionnelle en les rendant proactifs au sein d&#039;une organisation stimulante bas\u00e9e sur le partage des apports de chacun.\" \/>\n<meta name=\"robots\" content=\"index, follow, max-snippet:-1, max-image-preview:large, max-video-preview:-1\" \/>\n<link rel=\"canonical\" href=\"https:\/\/dynamique-cadres.org\/wordpress\/temoignages-2\/\" \/>\n<meta property=\"og:locale\" content=\"fr_FR\" \/>\n<meta property=\"og:type\" content=\"article\" \/>\n<meta property=\"og:title\" content=\"T\u00e9moignages - Dynamique Cadres\" \/>\n<meta property=\"og:description\" content=\"L&#039;association faite par pour les cadres en transition professionnelle en les rendant proactifs au sein d&#039;une organisation stimulante bas\u00e9e sur le partage des apports de chacun.\" \/>\n<meta property=\"og:url\" content=\"https:\/\/dynamique-cadres.org\/wordpress\/temoignages-2\/\" \/>\n<meta property=\"og:site_name\" content=\"Dynamique Cadres\" \/>\n<meta property=\"article:publisher\" content=\"https:\/\/www.facebook.com\/profile.php?id=100011741796467\" \/>\n<meta property=\"article:modified_time\" content=\"2020-04-09T19:45:10+00:00\" \/>\n<meta property=\"og:image\" content=\"https:\/\/adqcghyr.preview.infomaniak.website\/wordpress\/wp-content\/uploads\/2017\/04\/picto.png\" \/>\n\t<meta property=\"og:image:width\" content=\"601\" \/>\n\t<meta property=\"og:image:height\" content=\"579\" \/>\n\t<meta property=\"og:image:type\" content=\"image\/png\" \/>\n<meta name=\"twitter:card\" content=\"summary_large_image\" \/>\n<meta name=\"twitter:site\" content=\"@Dynamiquecadres\" \/>\n<meta name=\"twitter:label1\" content=\"Dur\u00e9e de lecture estim\u00e9e\" \/>\n\t<meta name=\"twitter:data1\" content=\"6 minutes\" \/>\n<script type=\"application\/ld+json\" class=\"yoast-schema-graph\">{\"@context\":\"https:\\\/\\\/schema.org\",\"@graph\":[{\"@type\":\"WebPage\",\"@id\":\"https:\\\/\\\/dynamique-cadres.org\\\/wordpress\\\/temoignages-2\\\/\",\"url\":\"https:\\\/\\\/dynamique-cadres.org\\\/wordpress\\\/temoignages-2\\\/\",\"name\":\"T\u00e9moignages - Dynamique Cadres\",\"isPartOf\":{\"@id\":\"https:\\\/\\\/dynamique-cadres.org\\\/wordpress\\\/#website\"},\"datePublished\":\"2017-06-01T17:34:40+00:00\",\"dateModified\":\"2020-04-09T19:45:10+00:00\",\"description\":\"L'association faite par pour les cadres en transition professionnelle en les rendant proactifs au sein d'une organisation stimulante bas\u00e9e sur le partage des apports de chacun.\",\"breadcrumb\":{\"@id\":\"https:\\\/\\\/dynamique-cadres.org\\\/wordpress\\\/temoignages-2\\\/#breadcrumb\"},\"inLanguage\":\"fr-FR\",\"potentialAction\":[{\"@type\":\"ReadAction\",\"target\":[\"https:\\\/\\\/dynamique-cadres.org\\\/wordpress\\\/temoignages-2\\\/\"]}]},{\"@type\":\"BreadcrumbList\",\"@id\":\"https:\\\/\\\/dynamique-cadres.org\\\/wordpress\\\/temoignages-2\\\/#breadcrumb\",\"itemListElement\":[{\"@type\":\"ListItem\",\"position\":1,\"name\":\"Accueil\",\"item\":\"https:\\\/\\\/dynamique-cadres.org\\\/wordpress\\\/\"},{\"@type\":\"ListItem\",\"position\":2,\"name\":\"T\u00e9moignages\"}]},{\"@type\":\"WebSite\",\"@id\":\"https:\\\/\\\/dynamique-cadres.org\\\/wordpress\\\/#website\",\"url\":\"https:\\\/\\\/dynamique-cadres.org\\\/wordpress\\\/\",\"name\":\"Dynamique Cadres\",\"description\":\"L&#039;association qui dynamise les cadres !\",\"publisher\":{\"@id\":\"https:\\\/\\\/dynamique-cadres.org\\\/wordpress\\\/#organization\"},\"potentialAction\":[{\"@type\":\"SearchAction\",\"target\":{\"@type\":\"EntryPoint\",\"urlTemplate\":\"https:\\\/\\\/dynamique-cadres.org\\\/wordpress\\\/?s={search_term_string}\"},\"query-input\":{\"@type\":\"PropertyValueSpecification\",\"valueRequired\":true,\"valueName\":\"search_term_string\"}}],\"inLanguage\":\"fr-FR\"},{\"@type\":\"Organization\",\"@id\":\"https:\\\/\\\/dynamique-cadres.org\\\/wordpress\\\/#organization\",\"name\":\"Dynamique Cadres\",\"url\":\"https:\\\/\\\/dynamique-cadres.org\\\/wordpress\\\/\",\"logo\":{\"@type\":\"ImageObject\",\"inLanguage\":\"fr-FR\",\"@id\":\"https:\\\/\\\/dynamique-cadres.org\\\/wordpress\\\/#\\\/schema\\\/logo\\\/image\\\/\",\"url\":\"https:\\\/\\\/adqcghyr.preview.infomaniak.website\\\/wordpress\\\/wp-content\\\/uploads\\\/2017\\\/04\\\/LOGO-hd.png\",\"contentUrl\":\"https:\\\/\\\/adqcghyr.preview.infomaniak.website\\\/wordpress\\\/wp-content\\\/uploads\\\/2017\\\/04\\\/LOGO-hd.png\",\"width\":2157,\"height\":579,\"caption\":\"Dynamique Cadres\"},\"image\":{\"@id\":\"https:\\\/\\\/dynamique-cadres.org\\\/wordpress\\\/#\\\/schema\\\/logo\\\/image\\\/\"},\"sameAs\":[\"https:\\\/\\\/www.facebook.com\\\/profile.php?id=100011741796467\",\"https:\\\/\\\/x.com\\\/Dynamiquecadres\",\"https:\\\/\\\/www.linkedin.com\\\/company-beta\\\/592628\\\/\"]}]}<\/script>\n<!-- \/ Yoast SEO plugin. -->","yoast_head_json":{"title":"T\u00e9moignages - Dynamique Cadres","description":"L'association faite par pour les cadres en transition professionnelle en les rendant proactifs au sein d'une organisation stimulante bas\u00e9e sur le partage des apports de chacun.","robots":{"index":"index","follow":"follow","max-snippet":"max-snippet:-1","max-image-preview":"max-image-preview:large","max-video-preview":"max-video-preview:-1"},"canonical":"https:\/\/dynamique-cadres.org\/wordpress\/temoignages-2\/","og_locale":"fr_FR","og_type":"article","og_title":"T\u00e9moignages - Dynamique Cadres","og_description":"L'association faite par pour les cadres en transition professionnelle en les rendant proactifs au sein d'une organisation stimulante bas\u00e9e sur le partage des apports de chacun.","og_url":"https:\/\/dynamique-cadres.org\/wordpress\/temoignages-2\/","og_site_name":"Dynamique Cadres","article_publisher":"https:\/\/www.facebook.com\/profile.php?id=100011741796467","article_modified_time":"2020-04-09T19:45:10+00:00","og_image":[{"width":601,"height":579,"url":"https:\/\/adqcghyr.preview.infomaniak.website\/wordpress\/wp-content\/uploads\/2017\/04\/picto.png","type":"image\/png"}],"twitter_card":"summary_large_image","twitter_site":"@Dynamiquecadres","twitter_misc":{"Dur\u00e9e de lecture estim\u00e9e":"6 minutes"},"schema":{"@context":"https:\/\/schema.org","@graph":[{"@type":"WebPage","@id":"https:\/\/dynamique-cadres.org\/wordpress\/temoignages-2\/","url":"https:\/\/dynamique-cadres.org\/wordpress\/temoignages-2\/","name":"T\u00e9moignages - Dynamique Cadres","isPartOf":{"@id":"https:\/\/dynamique-cadres.org\/wordpress\/#website"},"datePublished":"2017-06-01T17:34:40+00:00","dateModified":"2020-04-09T19:45:10+00:00","description":"L'association faite par pour les cadres en transition professionnelle en les rendant proactifs au sein d'une organisation stimulante bas\u00e9e sur le partage des apports de chacun.","breadcrumb":{"@id":"https:\/\/dynamique-cadres.org\/wordpress\/temoignages-2\/#breadcrumb"},"inLanguage":"fr-FR","potentialAction":[{"@type":"ReadAction","target":["https:\/\/dynamique-cadres.org\/wordpress\/temoignages-2\/"]}]},{"@type":"BreadcrumbList","@id":"https:\/\/dynamique-cadres.org\/wordpress\/temoignages-2\/#breadcrumb","itemListElement":[{"@type":"ListItem","position":1,"name":"Accueil","item":"https:\/\/dynamique-cadres.org\/wordpress\/"},{"@type":"ListItem","position":2,"name":"T\u00e9moignages"}]},{"@type":"WebSite","@id":"https:\/\/dynamique-cadres.org\/wordpress\/#website","url":"https:\/\/dynamique-cadres.org\/wordpress\/","name":"Dynamique Cadres","description":"L&#039;association qui dynamise les cadres !","publisher":{"@id":"https:\/\/dynamique-cadres.org\/wordpress\/#organization"},"potentialAction":[{"@type":"SearchAction","target":{"@type":"EntryPoint","urlTemplate":"https:\/\/dynamique-cadres.org\/wordpress\/?s={search_term_string}"},"query-input":{"@type":"PropertyValueSpecification","valueRequired":true,"valueName":"search_term_string"}}],"inLanguage":"fr-FR"},{"@type":"Organization","@id":"https:\/\/dynamique-cadres.org\/wordpress\/#organization","name":"Dynamique Cadres","url":"https:\/\/dynamique-cadres.org\/wordpress\/","logo":{"@type":"ImageObject","inLanguage":"fr-FR","@id":"https:\/\/dynamique-cadres.org\/wordpress\/#\/schema\/logo\/image\/","url":"https:\/\/adqcghyr.preview.infomaniak.website\/wordpress\/wp-content\/uploads\/2017\/04\/LOGO-hd.png","contentUrl":"https:\/\/adqcghyr.preview.infomaniak.website\/wordpress\/wp-content\/uploads\/2017\/04\/LOGO-hd.png","width":2157,"height":579,"caption":"Dynamique Cadres"},"image":{"@id":"https:\/\/dynamique-cadres.org\/wordpress\/#\/schema\/logo\/image\/"},"sameAs":["https:\/\/www.facebook.com\/profile.php?id=100011741796467","https:\/\/x.com\/Dynamiquecadres","https:\/\/www.linkedin.com\/company-beta\/592628\/"]}]}},"_links":{"self":[{"href":"https:\/\/dynamique-cadres.org\/wordpress\/wp-json\/wp\/v2\/pages\/239","targetHints":{"allow":["GET"]}}],"collection":[{"href":"https:\/\/dynamique-cadres.org\/wordpress\/wp-json\/wp\/v2\/pages"}],"about":[{"href":"https:\/\/dynamique-cadres.org\/wordpress\/wp-json\/wp\/v2\/types\/page"}],"author":[{"embeddable":true,"href":"https:\/\/dynamique-cadres.org\/wordpress\/wp-json\/wp\/v2\/users\/1"}],"replies":[{"embeddable":true,"href":"https:\/\/dynamique-cadres.org\/wordpress\/wp-json\/wp\/v2\/comments?post=239"}],"version-history":[{"count":4,"href":"https:\/\/dynamique-cadres.org\/wordpress\/wp-json\/wp\/v2\/pages\/239\/revisions"}],"predecessor-version":[{"id":1113,"href":"https:\/\/dynamique-cadres.org\/wordpress\/wp-json\/wp\/v2\/pages\/239\/revisions\/1113"}],"wp:attachment":[{"href":"https:\/\/dynamique-cadres.org\/wordpress\/wp-json\/wp\/v2\/media?parent=239"}],"curies":[{"name":"wp","href":"https:\/\/api.w.org\/{rel}","templated":true}]}}